{"id":83,"date":"2020-05-27T20:53:01","date_gmt":"2020-05-27T20:53:01","guid":{"rendered":"https:\/\/chodov.casd.cz\/?page_id=83"},"modified":"2026-04-06T21:33:03","modified_gmt":"2026-04-06T21:33:03","slug":"program","status":"publish","type":"page","link":"https:\/\/chodov.casd.cz\/?page_id=83","title":{"rendered":"PROGRAM"},"content":{"rendered":"\n<p><strong>Program sboru<\/strong>:<\/p>\n\n\n\n<p>Sobotn\u00ed shrom\u00e1\u017ed\u011bn\u00ed se konaj\u00ed pravideln\u011b ka\u017edou sobotu a za\u010d\u00ednaj\u00ed v\u017edy v&nbsp;<strong>9:30<\/strong>&nbsp;studiem biblick\u00fdch \u00fakol\u016f.<br>Oby\u010dejn\u011b v&nbsp;<strong>11:00<\/strong>&nbsp;pokra\u010duje sobotn\u00ed dopoledne k\u00e1z\u00e1n\u00edm bo\u017e\u00edho slova na\u0161imi kazateli. Rozpis slu\u017eeb k\u00e1z\u00e1n\u00edm a p\u0159ehled v\u0161ech akc\u00ed v na\u0161em sboru na cel\u00e9 aktu\u00e1ln\u00ed \u010dtvrtlet\u00ed m\u016f\u017eete shl\u00e9dnout n\u00ed\u017ee v tabulce.<\/p>\n\n\n\n<p><strong>Rozpis k\u00e1z\u00e1n\u00ed na 2. \u010dtvrtlet\u00ed 2026\u00a0<\/strong>(zm\u011bna programu vyhrazena)<\/p>\n\n\n\n<figure class=\"wp-block-table is-style-stripes\"><table><tbody><tr><td><strong>4.4.2026<\/strong><\/td><td class=\"has-text-align-left\" data-align=\"left\">br. Josef Hrdinka<\/td><td class=\"has-text-align-left\" data-align=\"left\"><\/td><\/tr><tr><td><strong><strong>11.4.2026<\/strong><\/strong><\/td><td class=\"has-text-align-left\" data-align=\"left\">Bohoslu\u017eba se NEKON\u00c1<\/td><td class=\"has-text-align-left\" data-align=\"left\"><\/td><\/tr><tr><td><strong><strong>18.4.2026<\/strong><\/strong><\/td><td class=\"has-text-align-left\" data-align=\"left\">br. Josef Hrdinka<\/td><td class=\"has-text-align-left\" data-align=\"left\"><\/td><\/tr><tr><td><strong><strong>25.4.2026<\/strong><\/strong><\/td><td class=\"has-text-align-left\" data-align=\"left\">br. Du\u0161an Pirc<\/td><td class=\"has-text-align-left\" data-align=\"left\"><\/td><\/tr><tr><td><strong><strong>2<\/strong><\/strong><strong style=\"font-weight: bold;\">.5.2026<\/strong><\/td><td class=\"has-text-align-left\" data-align=\"left\">br. Josef Hrdinka<\/td><td class=\"has-text-align-left\" data-align=\"left\"><\/td><\/tr><tr><td><strong><strong><strong>9.5.2026<\/strong><\/strong><\/strong><\/td><td class=\"has-text-align-left\" data-align=\"left\">s. Zdena Mi\u0161kejov\u00e1<\/td><td class=\"has-text-align-left\" data-align=\"left\"><\/td><\/tr><tr><td><strong><strong><strong><strong>16.5.2026<\/strong><\/strong><\/strong><\/strong><\/td><td class=\"has-text-align-left\" data-align=\"left\">br. Josef Hrdinka<\/td><td class=\"has-text-align-left\" data-align=\"left\"><\/td><\/tr><tr><td><strong><strong><strong>23.5.2022<\/strong><\/strong><\/strong><\/td><td class=\"has-text-align-left\" data-align=\"left\">br. Radek Vesel\u00fd<\/td><td class=\"has-text-align-left\" data-align=\"left\"><\/td><\/tr><tr><td><strong><strong><strong>30.5.202<\/strong><\/strong>6<\/strong><\/td><td class=\"has-text-align-left\" data-align=\"left\">br. Josef Hrdinka<\/td><td class=\"has-text-align-left\" data-align=\"left\"><\/td><\/tr><tr><td><strong><strong><strong>6.6.2026<\/strong><\/strong><\/strong><\/td><td class=\"has-text-align-left\" data-align=\"left\">s. Jana Urb\u00e1nkov\u00e1<\/td><td class=\"has-text-align-left\" data-align=\"left\"><\/td><\/tr><tr><td><strong><strong><strong>13.6.20<\/strong><\/strong>26<\/strong><\/td><td class=\"has-text-align-left\" data-align=\"left\">sobota ml\u00e1de\u017ee<\/td><td class=\"has-text-align-left\" data-align=\"left\"><\/td><\/tr><tr><td><strong><strong><strong>20.6.20<\/strong><\/strong>26<\/strong><\/td><td class=\"has-text-align-left\" data-align=\"left\">br. Egon Zaoral<\/td><td class=\"has-text-align-left\" data-align=\"left\"><\/td><\/tr><tr><td><strong><strong><strong>27.6.20<\/strong><\/strong>26<\/strong><\/td><td class=\"has-text-align-left\" data-align=\"left\">br. Josef Hrdinka &#8211; pam\u00e1tka Svat\u00e9 ve\u010de\u0159e P\u00e1n\u011b<\/td><td class=\"has-text-align-left\" data-align=\"left\"><\/td><\/tr><\/tbody><\/table><figcaption class=\"wp-element-caption\"><br><\/figcaption><\/figure>\n\n\n\n<p><\/p>\n\n\n\n<p>D\u00e1le je k dispozici st\u00e1le <a rel=\"noreferrer noopener\" target=\"_blank\" href=\"https:\/\/docs.google.com\/spreadsheet\/pub?key=0AhMQ39AsdC-CdFRUSjZsNDlRU3FKdzY3M2dpZTJlRHc&amp;output=html\">aktualizovan\u00fd rozpis&nbsp;<\/a>slu\u017eeb v na\u0161em sboru. Tabulka je pr\u016fb\u011b\u017en\u011b aktualizovan\u00e1 \u010dleny v\u00fdboru na\u0161eho sboru.<\/p>\n\n\n\n<p><\/p>\n","protected":false},"excerpt":{"rendered":"<p>Program sboru: Sobotn\u00ed shrom\u00e1\u017ed\u011bn\u00ed se konaj\u00ed pravideln\u011b ka\u017edou sobotu a za\u010d\u00ednaj\u00ed v\u017edy v&nbsp;9:30&nbsp;studiem biblick\u00fdch \u00fakol\u016f.Oby\u010dejn\u011b v&nbsp;11:00&nbsp;pokra\u010duje sobotn\u00ed dopoledne k\u00e1z\u00e1n\u00edm bo\u017e\u00edho slova na\u0161imi kazateli. Rozpis slu\u017eeb k\u00e1z\u00e1n\u00edm a p\u0159ehled v\u0161ech akc\u00ed v na\u0161em sboru na cel\u00e9 aktu\u00e1ln\u00ed \u010dtvrtlet\u00ed m\u016f\u017eete shl\u00e9dnout n\u00ed\u017ee v tabulce. Rozpis k\u00e1z\u00e1n\u00ed na 2. \u010dtvrtlet\u00ed 2026\u00a0(zm\u011bna programu vyhrazena) 4.4.2026 br. Josef Hrdinka 11.4.2026 &hellip; <a href=\"https:\/\/chodov.casd.cz\/?page_id=83\" class=\"more-link\">Pokra\u010dov\u00e1n\u00ed textu <span class=\"screen-reader-text\">PROGRAM<\/span><\/a><\/p>\n","protected":false},"author":1,"featured_media":0,"parent":0,"menu_order":0,"comment_status":"closed","ping_status":"closed","template":"","meta":{"footnotes":""},"class_list":["post-83","page","type-page","status-publish","hentry"],"_links":{"self":[{"href":"https:\/\/chodov.casd.cz\/index.php?rest_route=\/wp\/v2\/pages\/83","targetHints":{"allow":["GET"]}}],"collection":[{"href":"https:\/\/chodov.casd.cz\/index.php?rest_route=\/wp\/v2\/pages"}],"about":[{"href":"https:\/\/chodov.casd.cz\/index.php?rest_route=\/wp\/v2\/types\/page"}],"author":[{"embeddable":true,"href":"https:\/\/chodov.casd.cz\/index.php?rest_route=\/wp\/v2\/users\/1"}],"replies":[{"embeddable":true,"href":"https:\/\/chodov.casd.cz\/index.php?rest_route=%2Fwp%2Fv2%2Fcomments&post=83"}],"version-history":[{"count":70,"href":"https:\/\/chodov.casd.cz\/index.php?rest_route=\/wp\/v2\/pages\/83\/revisions"}],"predecessor-version":[{"id":1095,"href":"https:\/\/chodov.casd.cz\/index.php?rest_route=\/wp\/v2\/pages\/83\/revisions\/1095"}],"wp:attachment":[{"href":"https:\/\/chodov.casd.cz\/index.php?rest_route=%2Fwp%2Fv2%2Fmedia&parent=83"}],"curies":[{"name":"wp","href":"https:\/\/api.w.org\/{rel}","templated":true}]}}