{"id":68,"date":"2020-05-27T20:43:37","date_gmt":"2020-05-27T20:43:37","guid":{"rendered":"https:\/\/chodov.casd.cz\/?page_id=68"},"modified":"2026-04-24T20:33:40","modified_gmt":"2026-04-24T20:33:40","slug":"oznameni-sboru","status":"publish","type":"page","link":"https:\/\/chodov.casd.cz\/?page_id=68","title":{"rendered":"OZN\u00c1MEN\u00cd SBORU"},"content":{"rendered":"\n<hr class=\"wp-block-separator has-alpha-channel-opacity\"\/>\n\n\n\n<p>Aktualizace slu\u017eeb k\u00e1z\u00e1n\u00ed na nov\u00e9 <a href=\"https:\/\/chodov.casd.cz\/?page_id=83\" data-type=\"page\" data-id=\"83\">\u010dtvrtlet\u00ed<\/a><br><\/p>\n\n\n\n<hr class=\"wp-block-separator has-alpha-channel-opacity\"\/>\n\n\n\n<p><strong>MODLITEBN\u00cd SETK\u00c1N\u00cd<br><\/strong>Ka\u017ed\u00fd \u010dtvrtek jste srde\u010dn\u011b zv\u00e1ni na online modlitebn\u00ed setk\u00e1n\u00ed, kter\u00e9 prob\u00edh\u00e1 p\u0159es aplikaci Google Meet.<br><strong><a href=\"https:\/\/meet.google.com\/imr-dkfa-qca\" target=\"_blank\" rel=\"noreferrer noopener\">https:\/\/meet.google.com\/imr-dkfa-qca<\/a><\/strong><br>Sraz je ve 20:00 hodin<\/p>\n\n\n\n<figure class=\"wp-block-image is-resized\"><a href=\"https:\/\/meet.google.com\/imr-dkfa-qca\" target=\"_blank\" rel=\"https:\/\/meet.google.com\/zrj-pttr-fsf noreferrer noopener\"><img loading=\"lazy\" decoding=\"async\" width=\"617\" height=\"460\" src=\"https:\/\/chodov.casd.cz\/wp-content\/uploads\/2025\/09\/meet.jpg\" alt=\"\" class=\"wp-image-1002\" style=\"width:154px;height:auto\" srcset=\"https:\/\/chodov.casd.cz\/wp-content\/uploads\/2025\/09\/meet.jpg 617w, https:\/\/chodov.casd.cz\/wp-content\/uploads\/2025\/09\/meet-300x224.jpg 300w\" sizes=\"auto, (max-width: 617px) 100vw, 617px\" \/><\/a><\/figure>\n\n\n\n<hr class=\"wp-block-separator has-alpha-channel-opacity\"\/>\n\n\n\n<p><strong>Na novoro\u010dn\u00ed bohoslu\u017eb\u011b 17.1.2026 byl vyta\u017een ver\u0161 pro sbor na rok 2026:<br><\/strong>P\u0159\u00edslov\u00ed 9:10<\/p>\n\n\n\n<p><em>Za\u010d\u00e1tek moudrosti je b\u00e1ze\u0148 p\u0159ed Hospodinem a poznat Svat\u00e9ho je rozumnost.<\/em><br><br>D\u00e1le byl vyta\u017een ver\u0161 pro ml\u00e1de\u017e &#8211; Jan 1:5<\/p>\n\n\n\n<hr class=\"wp-block-separator has-alpha-channel-opacity\"\/>\n\n\n\n<p>V sobotu 21.\u0159\u00edjna 2023 se uskute\u010dnila <strong>slavnostn\u00ed bohoslu\u017eba k 33. v\u00fdro\u010d\u00ed zalo\u017een\u00ed na\u0161eho sboru<\/strong>. Pro\u017eili jsme opravdu vyj\u00edme\u010dnou sobotu, kdy jsme se zase po letech mohli setkat s na\u0161imi b\u00fdval\u00fdmi \u010dleny i p\u0159\u00e1teli. D\u011bkujeme v\u0161em za Va\u0161i n\u00e1v\u0161t\u011bvu.<br>P\u0159i t\u00e9to p\u0159ile\u017eitosti vznikla i vzpom\u00ednkov\u00e1 publikace, kterou si m\u00fa\u017eete <a rel=\"noreferrer noopener\" href=\"https:\/\/chodov.casd.cz\/wp-content\/uploads\/2023\/11\/33_history.pdf\" data-type=\"URL\" data-id=\"https:\/\/chodov.casd.cz\/wp-content\/uploads\/2023\/11\/33_history.pdf\" target=\"_blank\">st\u00e1hnout<\/a>.<\/p>\n\n\n\n<hr class=\"wp-block-separator has-alpha-channel-opacity\"\/>\n\n\n\n<p>Ti z v\u00e1s, kdo maj\u00ed mo\u017enost sledovat p\u0159enos bohoslu\u017eby na internetu, st\u00e1le je mo\u017enost si otev\u0159\u00edt p\u0159enos z Lond\u00fdnsk\u00e9, kter\u00fd najdete na<strong>&nbsp;<a href=\"https:\/\/www.youtube.com\/channel\/UCQHc0RKrv7DD4XTpRR0ZL4w\" target=\"_blank\" rel=\"noreferrer noopener\">youtube kan\u00e1lu<\/a><\/strong><\/p>\n\n\n\n<p><br><\/p>\n\n\n\n<p><\/p>\n","protected":false},"excerpt":{"rendered":"<p>Aktualizace slu\u017eeb k\u00e1z\u00e1n\u00ed na nov\u00e9 \u010dtvrtlet\u00ed MODLITEBN\u00cd SETK\u00c1N\u00cdKa\u017ed\u00fd \u010dtvrtek jste srde\u010dn\u011b zv\u00e1ni na online modlitebn\u00ed setk\u00e1n\u00ed, kter\u00e9 prob\u00edh\u00e1 p\u0159es aplikaci Google Meet.https:\/\/meet.google.com\/imr-dkfa-qcaSraz je ve 20:00 hodin Na novoro\u010dn\u00ed bohoslu\u017eb\u011b 17.1.2026 byl vyta\u017een ver\u0161 pro sbor na rok 2026:P\u0159\u00edslov\u00ed 9:10 Za\u010d\u00e1tek moudrosti je b\u00e1ze\u0148 p\u0159ed Hospodinem a poznat Svat\u00e9ho je rozumnost. D\u00e1le byl vyta\u017een ver\u0161 pro &hellip; <a href=\"https:\/\/chodov.casd.cz\/?page_id=68\" class=\"more-link\">Pokra\u010dov\u00e1n\u00ed textu <span class=\"screen-reader-text\">OZN\u00c1MEN\u00cd SBORU<\/span><\/a><\/p>\n","protected":false},"author":1,"featured_media":0,"parent":0,"menu_order":0,"comment_status":"closed","ping_status":"closed","template":"","meta":{"footnotes":""},"class_list":["post-68","page","type-page","status-publish","hentry"],"_links":{"self":[{"href":"https:\/\/chodov.casd.cz\/index.php?rest_route=\/wp\/v2\/pages\/68","targetHints":{"allow":["GET"]}}],"collection":[{"href":"https:\/\/chodov.casd.cz\/index.php?rest_route=\/wp\/v2\/pages"}],"about":[{"href":"https:\/\/chodov.casd.cz\/index.php?rest_route=\/wp\/v2\/types\/page"}],"author":[{"embeddable":true,"href":"https:\/\/chodov.casd.cz\/index.php?rest_route=\/wp\/v2\/users\/1"}],"replies":[{"embeddable":true,"href":"https:\/\/chodov.casd.cz\/index.php?rest_route=%2Fwp%2Fv2%2Fcomments&post=68"}],"version-history":[{"count":205,"href":"https:\/\/chodov.casd.cz\/index.php?rest_route=\/wp\/v2\/pages\/68\/revisions"}],"predecessor-version":[{"id":1100,"href":"https:\/\/chodov.casd.cz\/index.php?rest_route=\/wp\/v2\/pages\/68\/revisions\/1100"}],"wp:attachment":[{"href":"https:\/\/chodov.casd.cz\/index.php?rest_route=%2Fwp%2Fv2%2Fmedia&parent=68"}],"curies":[{"name":"wp","href":"https:\/\/api.w.org\/{rel}","templated":true}]}}